{"id":1213,"date":"2021-02-26T15:50:10","date_gmt":"2021-02-26T15:50:10","guid":{"rendered":"https:\/\/waanders-garten.de\/?page_id=1213"},"modified":"2022-06-01T08:18:37","modified_gmt":"2022-06-01T08:18:37","slug":"impressum","status":"publish","type":"page","link":"https:\/\/inclusio-rbk.de\/index.php\/impressum\/","title":{"rendered":"Impressum"},"content":{"rendered":"<!-- RS_MODULE_CODE_2.5.0 --><div id=\"readspeaker_button1213\" class=\"rs_skip rsbtn rs_preserve\"><a class=\"rsbtn_play\" title=\"Um den Text anzuh&ouml;ren, verwenden Sie bitte ReadSpeaker\" accesskey=\"L\" href=\"https:\/\/app-eu.readspeaker.com\/cgi-bin\/rsent?customerid=13099&amp;lang=de_de&amp;readid=rspeak_read_1213&amp;url=http%3A%2F%2Finclusio-rbk.de%2Findex.php%2Fwp-json%2Fwp%2Fv2%2Fpages%2F1213\"><span class=\"rsbtn_left rsimg rspart\"><span class=\"rsbtn_text\"><span>Vorlesen<\/span><\/span><\/span><span class=\"rsbtn_right rsimg rsplay rspart\"><\/span><\/a><\/div><div id=\"rspeak_read_1213\"><div data-colibri-id=\"1213-c1\" class=\"style-531 style-local-1213-c1 position-relative\">\n  <!---->\n  <div data-colibri-component=\"section\" data-colibri-id=\"1213-c2\" id=\"custom\" class=\"h-section h-section-global-spacing d-flex align-items-lg-center align-items-md-center align-items-center style-580 style-local-1213-c2 position-relative\">\n    <!---->\n    <!---->\n    <div class=\"h-section-grid-container h-section-boxed-container\">\n      <!---->\n      <div data-colibri-id=\"1213-c3\" class=\"h-row-container gutters-row-lg-2 gutters-row-md-2 gutters-row-0 gutters-row-v-lg-2 gutters-row-v-md-2 gutters-row-v-2 style-581 style-local-1213-c3 position-relative\">\n        <!---->\n        <div class=\"h-row justify-content-lg-center justify-content-md-center justify-content-center align-items-lg-stretch align-items-md-stretch align-items-stretch gutters-col-lg-2 gutters-col-md-2 gutters-col-0 gutters-col-v-lg-2 gutters-col-v-md-2 gutters-col-v-2\">\n          <!---->\n          <div class=\"h-column h-column-container d-flex h-col-lg-auto h-col-md-auto h-col-auto style-582-outer style-local-1213-c4-outer\">\n            <div data-colibri-id=\"1213-c4\" class=\"d-flex h-flex-basis h-column__inner h-px-lg-2 h-px-md-2 h-px-2 v-inner-lg-2 v-inner-md-2 v-inner-2 style-582 style-local-1213-c4 position-relative\">\n              <!---->\n              <!---->\n              <div class=\"w-100 h-y-container h-column__content h-column__v-align flex-basis-100 align-self-lg-start align-self-md-start align-self-start\">\n                <!---->\n                <div data-colibri-id=\"1213-c5\" class=\"h-text h-text-component style-583 style-local-1213-c5 position-relative h-element\">\n                  <!---->\n                  <!---->\n                  <div class=\"\">\n                    <h2>IMPRESSUM &amp; DISCLAIMER<\/h2>\n                  <\/div>\n                <\/div>\n              <\/div>\n            <\/div>\n          <\/div>\n        <\/div>\n      <\/div>\n    <\/div>\n  <\/div>\n  <div data-colibri-component=\"section\" data-colibri-id=\"1213-c6\" id=\"custom-2\" class=\"h-section h-section-global-spacing d-flex align-items-lg-center align-items-md-center align-items-center style-585 style-local-1213-c6 position-relative\">\n    <!---->\n    <!---->\n    <div class=\"h-section-grid-container h-section-boxed-container\">\n      <!---->\n      <div data-colibri-id=\"1213-c7\" class=\"h-row-container gutters-row-lg-2 gutters-row-md-2 gutters-row-0 gutters-row-v-lg-2 gutters-row-v-md-2 gutters-row-v-2 style-734 style-local-1213-c7 position-relative\">\n        <!---->\n        <div class=\"h-row justify-content-lg-center justify-content-md-center justify-content-center align-items-lg-stretch align-items-md-stretch align-items-stretch gutters-col-lg-2 gutters-col-md-2 gutters-col-0 gutters-col-v-lg-2 gutters-col-v-md-2 gutters-col-v-2\">\n          <!---->\n          <div class=\"h-column h-column-container d-flex h-col-lg-auto h-col-md-auto h-col-auto style-735-outer style-local-1213-c8-outer\">\n            <div data-colibri-id=\"1213-c8\" class=\"d-flex h-flex-basis h-column__inner h-px-lg-2 h-px-md-2 h-px-2 v-inner-lg-2 v-inner-md-2 v-inner-2 style-735 style-local-1213-c8 position-relative\">\n              <!---->\n              <!---->\n              <div class=\"w-100 h-y-container h-column__content h-column__v-align flex-basis-100 align-self-lg-start align-self-md-start align-self-start\">\n                <!---->\n                <div data-colibri-id=\"1213-c9\" class=\"style-737 style-local-1213-c9 position-relative h-element\">\n                  <!---->\n                  <div class=\"\">\n                    <div id=\"readspeaker_button1\" class=\"rs_skip rsbtn rs_preserve\">\n                      <a rel=\"nofollow\" class=\"rsbtn_play\" accesskey=\"L\" title=\"Um den Text anzuh\u00f6ren, verwenden Sie bitte ReadSpeaker webReader\" href=\"https:\/\/app-eu.readspeaker.com\/cgi-bin\/rsent?customerid=13099&amp;lang=de_de&amp;readclass=h-text&amp;url=\">\n                      <span class=\"rsbtn_left rsimg rspart\"><span class=\"rsbtn_text\"><span>Vorlesen<\/span><\/span>\n                        <\/span> <span class=\"rsbtn_right rsimg rsplay rspart\"><\/span> <\/a>\n                    <\/div>\n                  <\/div>\n                <\/div>\n              <\/div>\n            <\/div>\n          <\/div>\n          <div class=\"h-column h-column-container d-flex h-col-lg-auto h-col-md-auto h-col-auto style-736-outer style-local-1213-c10-outer\">\n            <div data-colibri-id=\"1213-c10\" class=\"d-flex h-flex-basis h-column__inner h-ui-empty-state-container h-px-lg-2 h-px-md-2 h-px-2 v-inner-lg-2 v-inner-md-2 v-inner-2 style-736 style-local-1213-c10 position-relative\">\n              <!---->\n              <!---->\n              <div class=\"w-100 h-y-container h-column__content h-column__v-align flex-basis-100\">\n                <!---->\n              <\/div>\n            <\/div>\n          <\/div>\n        <\/div>\n      <\/div>\n      <div data-colibri-id=\"1213-c11\" class=\"h-row-container gutters-row-lg-2 gutters-row-md-2 gutters-row-0 gutters-row-v-lg-2 gutters-row-v-md-2 gutters-row-v-2 style-586 style-local-1213-c11 position-relative\">\n        <!---->\n        <div class=\"h-row justify-content-lg-center justify-content-md-center justify-content-center align-items-lg-stretch align-items-md-stretch align-items-stretch gutters-col-lg-2 gutters-col-md-2 gutters-col-0 gutters-col-v-lg-2 gutters-col-v-md-2 gutters-col-v-2\">\n          <!---->\n          <div class=\"h-column h-column-container d-flex h-col-lg-auto h-col-md-auto h-col-auto style-587-outer style-local-1213-c12-outer\">\n            <div data-colibri-id=\"1213-c12\" class=\"d-flex h-flex-basis h-column__inner h-px-lg-2 h-px-md-2 h-px-2 v-inner-lg-2 v-inner-md-2 v-inner-2 style-587 style-local-1213-c12 position-relative\">\n              <!---->\n              <!---->\n              <div class=\"w-100 h-y-container h-column__content h-column__v-align flex-basis-100 align-self-lg-start align-self-md-start align-self-start\">\n                <!---->\n                <div data-colibri-id=\"1213-c13\" class=\"h-text h-text-component style-588 style-local-1213-c13 position-relative h-element\">\n                  <!---->\n                  <!---->\n                  <div class=\"\">\n                    <h3><span style=\"color: rgb(7, 7, 7); font-size: 66%; font-family: Sarala;\">Verantwortlich f\u00fcr den Inhalt im Sinne des Telemediengesetzes:<\/span><span style=\"font-size: 66%; font-family: &quot;Open Sans&quot;;\"><br><\/span><\/h3>\n                    <p><span style=\"font-family: Arial, sans-serif;\">Inclusio Rhein-Berg gGmbH<\/span><\/p>\n                    <p><span style=\"font-family: Arial, sans-serif;\">Hauptstr. 293-297<\/span><\/p>\n                    <p><span style=\"font-family: Arial, sans-serif;\">51465 Bergisch Gladbach<\/span><\/p>\n                    <p>&nbsp;<\/p>\n                    <p><span style=\"font-family: Arial, sans-serif;\">Tel.:&nbsp;&nbsp;&nbsp;&nbsp;+49 177 2392294<br>Mail:&nbsp;&nbsp;&nbsp;&nbsp;<\/span>\n                      <a href=\"mailto:info@inclusio-rbk.de\" style=\"font-family: Arial, sans-serif;\">info@inclusio-rbk.de<\/a><span style=\"font-family: Arial, sans-serif;\"><br>Internet: <\/span>\n                      <a href=\"http:\/\/www.inclusio-rbk.de\" style=\"font-family: Arial, sans-serif;\" class=\"customize-unpreviewable\">www.inclusio-rbk.de<\/a>\n                      <br>\n                      <br>\n                    <\/p>\n                    <p><span style=\"font-family: Sarala;\">Gesch\u00e4ftsf\u00fchrung:<\/span><\/p>\n                    <p><span style=\"font-family: Sarala;\">Frau Claudia Czaja<\/span><\/p>\n                    <p><span style=\"font-family: Sarala;\">Frau Andrea Kowalewski-Br\u00fcwer<\/span><\/p>\n                    <h3><span style=\"font-family: Sarala; font-size: 72%;\">Handelsregister K\u00f6ln B 95349, Steuernummer: 204\/5812\/0947 VST 13<\/span><\/h3>\n                    <h3><span style=\"font-family: Sarala; color: rgb(0, 0, 0); font-size: 22.68px;\">Bankverbindungen<\/span><span style=\"font-family: &quot;Open Sans&quot;; font-weight: 400; font-size: 22.68px;\"><br><\/span><span style=\"font-family: &quot;Open Sans&quot;; font-weight: 400; font-size: 72%; color: rgb(8, 8, 8);\">Volksbank Berg eG, IBAN: DE32 3706 9125 0017 7190 17, BIC: GENODED1RKO<\/span>\n                      <span\n                        style=\"font-family: &quot;Open Sans&quot;; color: rgb(0, 0, 0); font-weight: 400; font-size: 72%;\">\n                        <br>Kreissparkasse K\u00f6ln,<\/span><span style=\"font-family: &quot;Open Sans&quot;; color: rgb(0, 0, 0); font-size: 72%;\">&nbsp;<\/span><span style=\"font-size: 72%;\">&nbsp;<\/span><span style=\"font-size: 72%; font-family: &quot;Open Sans&quot;; font-weight: 400;\">IBAN: DE48 3705 0299 0311 5779 05, BIC: COKSDE33XXX<\/span>\n                        <span\n                          style=\"font-family: Sarala; color: rgb(0, 0, 0); font-weight: 300; font-size: 62%;\">\n                          <br>\n                          <br>Technische Realisation und Hosting:\n                          <br>HERMIT Media K\u00f6ln\n                          <br>Fon 0221 \/ 4230 3250\n                          <br>E-Mail:&nbsp;<\/span>\n                          <a href=\"mailto:info@hermit-media.de\" style=\"font-family: Sarala; color: rgb(0, 0, 0); font-weight: 300; font-size: 62%;\">info@hermit-media.de<\/a>\n                    <\/h3>\n                    <h3><span style=\"font-family: Sarala; font-size: 62%; color: rgb(0, 0, 0); font-weight: 300;\">Bildmaterial: Inclusio gGmbH, Heide Prange<\/span><\/h3>\n                    <h3><strong style=\"font-family: Sarala; font-size: 62%; color: rgb(0, 0, 0); font-weight: 300;\">1. Haftungsbeschr\u00e4nkung<\/strong><span style=\"font-family: Sarala; font-size: 62%; color: rgb(0, 0, 0); font-weight: 300;\"><br>Die Inhalte dieser Website werden mit gr\u00f6\u00dftm\u00f6glicher Sorgfalt erstellt. Der Anbieter \u00fcbernimmt jedoch keine Gew\u00e4hr f\u00fcr die Richtigkeit, Vollst\u00e4ndigkeit und Aktualit\u00e4t der bereitgestellten Inhalte. Die Nutzung der Inhalte der Website erfolgt auf eigene Gefahr des Nutzers. Namentlich gekennzeichnete Beitr\u00e4ge geben die Meinung des jeweiligen Autors und nicht immer die Meinung des Anbieters wieder. Mit der reinen Nutzung der Website des Anbieters kommt keinerlei Vertragsverh\u00e4ltnis zwischen dem Nutzer und dem Anbieter zustande.<\/span><\/h3>\n                    <h3><strong style=\"font-family: Sarala; font-size: 62%; color: rgb(0, 0, 0); font-weight: 300;\">2. Externe Links<\/strong><span style=\"font-family: Sarala; font-size: 62%; color: rgb(0, 0, 0); font-weight: 300;\"><br>Diese Website enth\u00e4lt Verkn\u00fcpfungen zu Websites Dritter (\u201cexterne Links\u201d). Diese Websites unterliegen der Haftung der jeweiligen Betreiber. Der Anbieter hat bei der erstmaligen Verkn\u00fcpfung der externen Links die fremden Inhalte daraufhin \u00fcberpr\u00fcft, ob etwaige Rechtsverst\u00f6\u00dfe bestehen. Zu dem Zeitpunkt waren keine Rechtsverst\u00f6\u00dfe ersichtlich. Der Anbieter hat keinerlei Einfluss auf die aktuelle und zuk\u00fcnftige Gestaltung und auf die Inhalte der verkn\u00fcpften Seiten. Das Setzen von externen Links bedeutet nicht, dass sich der Anbieter die hinter dem Verweis oder Link liegenden Inhalte zu Eigen macht. Eine st\u00e4ndige Kontrolle dieser externen Links ist f\u00fcr den Anbieter ohne konkrete Hinweise auf Rechtsverst\u00f6\u00dfe nicht zumutbar. Bei Kenntnis von Rechtsverst\u00f6\u00dfen werden jedoch derartige externe Links unverz\u00fcglich gel\u00f6scht.<\/span><\/h3>\n                    <h3><strong style=\"font-family: Sarala; font-size: 62%; color: rgb(0, 0, 0); font-weight: 300;\">3. Urheber- und Leistungsschutzrechte<\/strong><span style=\"font-family: Sarala; font-size: 62%; color: rgb(0, 0, 0); font-weight: 300;\"><br>Die auf dieser Website ver\u00f6ffentlichten Inhalte unterliegen dem deutschen Urheber- und Leistungsschutzrecht. Jede vom deutschen Urheber- und Leistungsschutzrecht nicht zugelassene Verwertung bedarf der vorherigen schriftlichen Zustimmung des Anbieters oder jeweiligen Rechteinhabers. Dies gilt insbesondere f\u00fcr Vervielf\u00e4ltigung, Bearbeitung, \u00dcbersetzung, Einspeicherung, Verarbeitung bzw. Wiedergabe von Inhalten in Datenbanken oder anderen elektronischen Medien und Systemen. Inhalte und Rechte Dritter sind dabei als solche gekennzeichnet. Die unerlaubte Vervielf\u00e4ltigung oder Weitergabe einzelner Inhalte oder kompletter Seiten ist nicht gestattet und strafbar. Lediglich die Herstellung von Kopien und Downloads f\u00fcr den pers\u00f6nlichen, privaten und nicht kommerziellen Gebrauch ist erlaubt. Die Darstellung dieser Website in fremden Frames ist nur mit schriftlicher Erlaubnis zul\u00e4ssig.<\/span><\/h3>\n                    <h3><strong style=\"font-family: Sarala; font-size: 62%; color: rgb(0, 0, 0); font-weight: 300;\">4. Datenschutz<\/strong><span style=\"font-family: Sarala; font-size: 62%; color: rgb(0, 0, 0); font-weight: 300;\"><br>Durch den Besuch der Website des Anbieters k\u00f6nnen Informationen \u00fcber den Zugriff (Datum, Uhrzeit, betrachtete Seite) gespeichert werden. Diese Daten geh\u00f6ren nicht zu den personenbezogenen Daten, sondern sind anonymisiert. Sie werden ausschlie\u00dflich zu statistischen Zwecken ausgewertet. Eine Weitergabe an Dritte, zu kommerziellen oder nichtkommerziellen Zwecken, findet nicht statt. Der Anbieter weist ausdr\u00fccklich darauf hin, dass die Daten\u00fcbertragung im Internet (z.B. bei der Kommunikation per E-Mail) Sicherheitsl\u00fccken aufweisen und nicht l\u00fcckenlos vor dem Zugriff durch Dritte gesch\u00fctzt werden kann. Die Verwendung der Kontaktdaten des Impressums zur gewerblichen Werbung ist ausdr\u00fccklich nicht erw\u00fcnscht, es sei denn der Anbieter hatte zuvor seine schriftliche Einwilligung erteilt oder es besteht bereits eine Gesch\u00e4ftsbeziehung. Der Anbieter und alle auf dieser Website genannten Personen widersprechen hiermit jeder kommerziellen Verwendung und Weitergabe ihrer Daten.<\/span><\/h3>\n                    <h3><strong style=\"font-family: Sarala; font-size: 62%; color: rgb(0, 0, 0); font-weight: 300;\">5. Besondere Nutzungsbedingungen<\/strong><span style=\"font-family: Sarala; font-size: 62%; color: rgb(0, 0, 0); font-weight: 300;\"><br>Soweit besondere Bedingungen f\u00fcr einzelne Nutzungen dieser Website von den vorgenannten Nummern 1. bis 4. abweichen, wird an entsprechender Stelle ausdr\u00fccklich darauf hingewiesen. In diesem Falle gelten im jeweiligen Einzelfall die besonderen Nutzungsbedingungen.<\/span><\/h3>\n                    <h3><span style=\"font-family: Sarala; font-size: 62%; color: rgb(0, 0, 0); font-weight: 300;\">Quelle: Disclaimer von Juraforum.de und Experten-branchenbuch.de<\/span><\/h3>\n                    <h3>\n                      <br>\n                    <\/h3>\n                    <p>\n                      <br>\n                    <\/p>\n                  <\/div>\n                <\/div>\n              <\/div>\n            <\/div>\n          <\/div>\n        <\/div>\n      <\/div>\n    <\/div>\n  <\/div>\n<\/div><\/div>","protected":false},"excerpt":{"rendered":"<p><!-- RS_MODULE_CODE_2.5.0 --><\/p>\n<div id=\"readspeaker_button1213\" class=\"rs_skip rsbtn rs_preserve\"><a class=\"rsbtn_play\" title=\"Um den Text anzuh&ouml;ren, verwenden Sie bitte ReadSpeaker\" accesskey=\"L\" href=\"https:\/\/app-eu.readspeaker.com\/cgi-bin\/rsent?customerid=13099&amp;lang=de_de&amp;readid=rspeak_read_1213&amp;url=http%3A%2F%2Finclusio-rbk.de%2Findex.php%2Fwp-json%2Fwp%2Fv2%2Fpages%2F1213\"><span class=\"rsbtn_left rsimg rspart\"><span class=\"rsbtn_text\"><span>Vorlesen<\/span><\/span><\/span><span class=\"rsbtn_right rsimg rsplay rspart\"><\/span><\/a><\/div>\n<div id=\"rspeak_read_1213\"> IMPRESSUM &amp; DISCLAIMER Vorlesen Verantwortlich f\u00fcr den Inhalt im Sinne des Telemediengesetzes: Inclusio Rhein-Berg gGmbH Hauptstr. 293-297 51465 Bergisch Gladbach &nbsp; Tel.:&nbsp;&nbsp;&nbsp;&nbsp;+49 177 2392294Mail:&nbsp;&nbsp;&nbsp;&nbsp; info@inclusio-rbk.deInternet: www.inclusio-rbk.de Gesch\u00e4ftsf\u00fchrung: Frau Claudia Czaja Frau Andrea Kowalewski-Br\u00fcwer Handelsregister K\u00f6ln B 95349, Steuernummer: 204\/5812\/0947 VST 13 BankverbindungenVolksbank Berg eG, IBAN: DE32 3706 9125 0017 7190 17, BIC: GENODED1RKO Kreissparkasse [&hellip;]<\/div>\n","protected":false},"author":1,"featured_media":0,"parent":0,"menu_order":0,"comment_status":"closed","ping_status":"closed","template":"page-templates\/full-width-page.php","meta":{"footnotes":""},"class_list":["post-1213","page","type-page","status-publish","hentry"],"_links":{"self":[{"href":"https:\/\/inclusio-rbk.de\/index.php\/wp-json\/wp\/v2\/pages\/1213","targetHints":{"allow":["GET"]}}],"collection":[{"href":"https:\/\/inclusio-rbk.de\/index.php\/wp-json\/wp\/v2\/pages"}],"about":[{"href":"https:\/\/inclusio-rbk.de\/index.php\/wp-json\/wp\/v2\/types\/page"}],"author":[{"embeddable":true,"href":"https:\/\/inclusio-rbk.de\/index.php\/wp-json\/wp\/v2\/users\/1"}],"replies":[{"embeddable":true,"href":"https:\/\/inclusio-rbk.de\/index.php\/wp-json\/wp\/v2\/comments?post=1213"}],"version-history":[{"count":12,"href":"https:\/\/inclusio-rbk.de\/index.php\/wp-json\/wp\/v2\/pages\/1213\/revisions"}],"predecessor-version":[{"id":3306,"href":"https:\/\/inclusio-rbk.de\/index.php\/wp-json\/wp\/v2\/pages\/1213\/revisions\/3306"}],"wp:attachment":[{"href":"https:\/\/inclusio-rbk.de\/index.php\/wp-json\/wp\/v2\/media?parent=1213"}],"curies":[{"name":"wp","href":"https:\/\/api.w.org\/{rel}","templated":true}]}}