{"id":162,"date":"2021-02-11T11:49:40","date_gmt":"2021-02-11T11:49:40","guid":{"rendered":"https:\/\/waanders-garten.de\/index.php\/colibri-wp\/"},"modified":"2023-02-10T12:50:39","modified_gmt":"2023-02-10T12:50:39","slug":"colibri-wp","status":"publish","type":"page","link":"https:\/\/inclusio-rbk.de\/","title":{"rendered":"Startseite"},"content":{"rendered":"<!-- RS_MODULE_CODE_2.5.0 --><div id=\"readspeaker_button162\" class=\"rs_skip rsbtn rs_preserve\"><a class=\"rsbtn_play\" title=\"Um den Text anzuh&ouml;ren, verwenden Sie bitte ReadSpeaker\" accesskey=\"L\" href=\"https:\/\/app-eu.readspeaker.com\/cgi-bin\/rsent?customerid=13099&amp;lang=de_de&amp;readid=rspeak_read_162&amp;url=http%3A%2F%2Finclusio-rbk.de%2Findex.php%2Fwp-json%2Fwp%2Fv2%2Fpages%2F162\"><span class=\"rsbtn_left rsimg rspart\"><span class=\"rsbtn_text\"><span>Vorlesen<\/span><\/span><\/span><span class=\"rsbtn_right rsimg rsplay rspart\"><\/span><\/a><\/div><div id=\"rspeak_read_162\"><div data-colibri-id=\"162-c1\" class=\"style-437 style-local-162-c1 position-relative\">\n  <!---->\n  <div data-colibri-component=\"section\" data-colibri-id=\"162-c2\" id=\"custom\" class=\"h-section h-section-global-spacing d-flex align-items-lg-center align-items-md-center align-items-center style-438 style-local-162-c2 position-relative\">\n    <!---->\n    <!---->\n    <div class=\"h-section-grid-container h-section-boxed-container\">\n      <!---->\n      <div data-colibri-id=\"162-c3\" class=\"h-row-container gutters-row-lg-3 gutters-row-md-3 gutters-row-0 gutters-row-v-lg-3 gutters-row-v-md-3 gutters-row-v-3 style-439 style-local-162-c3 position-relative\">\n        <!---->\n        <div class=\"h-row justify-content-lg-center justify-content-md-center justify-content-center align-items-lg-center align-items-md-center align-items-center gutters-col-lg-3 gutters-col-md-3 gutters-col-0 gutters-col-v-lg-3 gutters-col-v-md-3 gutters-col-v-3\">\n          <!---->\n          <div class=\"h-column h-column-container d-flex h-col-lg-12 h-col-md-12 h-col-12 align-self-lg-center align-self-md-center align-self-center style-440-outer style-local-162-c4-outer\">\n            <div data-colibri-id=\"162-c4\" class=\"d-flex h-flex-basis h-column__inner h-px-lg-2 h-px-md-2 h-px-2 v-inner-lg-2 v-inner-md-2 v-inner-2 style-440 style-local-162-c4 position-relative\">\n              <!---->\n              <!---->\n              <div class=\"w-100 h-y-container h-column__content h-column__v-align flex-basis-100 align-self-lg-start align-self-md-start align-self-start\">\n                <!---->\n                <div data-colibri-id=\"162-c5\" class=\"style-441 style-local-162-c5 position-relative h-element\">\n                  <!---->\n                  <div class=\"\"><div id=\"metaslider-id-7\" style=\"width: 100%;\" class=\"ml-slider-3-108-0 ml-slider-pro-2-18-2 metaslider metaslider-flex metaslider-7 ml-slider .metaslider has-dots-nav effect2 ms-theme-_theme_1613732620\" role=\"region\" aria-label=\"Startshow INCLUSIO\" data-height=\"470\" data-width=\"1187\">\n    <div id=\"metaslider_container_7\">\n        <div id=\"metaslider_7\">\n            <ul class='slides'>\n                <li style=\"display: block; width: 100%;\" class=\"slide-29 ms-image \" aria-roledescription=\"slide\" data-date=\"2021-02-08 17:26:01\" data-filename=\"slide-01a\u00a9Heide-Prange-1187x470.jpg\" data-slide-type=\"image\"><img loading=\"lazy\" decoding=\"async\" src=\"https:\/\/inclusio-rbk.de\/wp-content\/uploads\/2022\/05\/slide-01a\u00a9Heide-Prange-1187x470.jpg\" height=\"470\" width=\"1187\" alt=\"\" class=\"slider-7 slide-29 msDefaultImage\" title=\"slide-01a\u00a9Heide-Prange\" \/><div class=\"caption-wrap\"><div class=\"caption\">F R E U N D E<\/div><\/div><\/li>\n                <li style=\"display: none; width: 100%;\" class=\"slide-30 ms-image \" aria-roledescription=\"slide\" data-date=\"2021-02-08 17:37:13\" data-filename=\"Slide-02\u00a9Heide-Prange-1-1187x470.jpg\" data-slide-type=\"image\"><img loading=\"lazy\" decoding=\"async\" src=\"https:\/\/inclusio-rbk.de\/wp-content\/uploads\/2022\/05\/Slide-02\u00a9Heide-Prange-1-1187x470.jpg\" height=\"470\" width=\"1187\" alt=\"\" class=\"slider-7 slide-30 msDefaultImage\" title=\"Slide-02\u00a9Heide-Prange\" \/><div class=\"caption-wrap\"><div class=\"caption\">Z U S A M M E N<\/div><\/div><\/li>\n                <li style=\"display: none; width: 100%;\" class=\"slide-31 ms-image \" aria-roledescription=\"slide\" data-date=\"2021-02-08 17:39:42\" data-filename=\"slide-10\u00a9Heide-Prange-1187x470.jpg\" data-slide-type=\"image\"><img loading=\"lazy\" decoding=\"async\" src=\"https:\/\/inclusio-rbk.de\/wp-content\/uploads\/2022\/05\/slide-10\u00a9Heide-Prange-1187x470.jpg\" height=\"470\" width=\"1187\" alt=\"\" class=\"slider-7 slide-31 msDefaultImage\" title=\"slide-10\u00a9Heide-Prange\" \/><div class=\"caption-wrap\"><div class=\"caption\">E R L E B E N<\/div><\/div><\/li>\n                <li style=\"display: none; width: 100%;\" class=\"slide-32 ms-image \" aria-roledescription=\"slide\" data-date=\"2021-02-08 17:52:49\" data-filename=\"slide-13\u00a9Heide-Prange-1187x470.jpg\" data-slide-type=\"image\"><img loading=\"lazy\" decoding=\"async\" src=\"https:\/\/inclusio-rbk.de\/wp-content\/uploads\/2022\/05\/slide-13\u00a9Heide-Prange-1187x470.jpg\" height=\"470\" width=\"1187\" alt=\"\" class=\"slider-7 slide-32 msDefaultImage\" title=\"slide-13\u00a9Heide-Prange\" \/><div class=\"caption-wrap\"><div class=\"caption\">R E A L I S I E R E N<\/div><\/div><\/li>\n                <li style=\"display: none; width: 100%;\" class=\"slide-33 ms-image \" aria-roledescription=\"slide\" data-date=\"2021-02-08 17:53:24\" data-filename=\"Slide-05\u00a9Heide-Prange-1187x470.jpg\" data-slide-type=\"image\"><img loading=\"lazy\" decoding=\"async\" src=\"https:\/\/inclusio-rbk.de\/wp-content\/uploads\/2022\/05\/Slide-05\u00a9Heide-Prange-1187x470.jpg\" height=\"470\" width=\"1187\" alt=\"\" class=\"slider-7 slide-33 msDefaultImage\" title=\"Slide-05\u00a9Heide-Prange\" \/><div class=\"caption-wrap\"><div class=\"caption\">G E N I E S S E N<\/div><\/div><\/li>\n                <li style=\"display: none; width: 100%;\" class=\"slide-34 ms-image \" aria-roledescription=\"slide\" data-date=\"2021-02-08 17:54:03\" data-filename=\"slide-11\u00a9Heide-Prange-1187x470.jpg\" data-slide-type=\"image\"><img loading=\"lazy\" decoding=\"async\" src=\"https:\/\/inclusio-rbk.de\/wp-content\/uploads\/2022\/05\/slide-11\u00a9Heide-Prange-1187x470.jpg\" height=\"470\" width=\"1187\" alt=\"\" class=\"slider-7 slide-34 msDefaultImage\" title=\"slide-11\u00a9Heide-Prange\" \/><div class=\"caption-wrap\"><div class=\"caption\">K R E A T I V S E I N<\/div><\/div><\/li>\n                <li style=\"display: none; width: 100%;\" class=\"slide-35 ms-image \" aria-roledescription=\"slide\" data-date=\"2021-02-08 17:54:55\" data-filename=\"Slide-01\u00a9Heide-Prange-1187x470.jpg\" data-slide-type=\"image\"><img loading=\"lazy\" decoding=\"async\" src=\"https:\/\/inclusio-rbk.de\/wp-content\/uploads\/2022\/05\/Slide-01\u00a9Heide-Prange-1187x470.jpg\" height=\"470\" width=\"1187\" alt=\"\" class=\"slider-7 slide-35 msDefaultImage\" title=\"Slide-01\u00a9Heide-Prange\" \/><div class=\"caption-wrap\"><div class=\"caption\">E N T S P A N N E N<\/div><\/div><\/li>\n            <\/ul>\n        <\/div>\n        \n    <\/div>\n<\/div><\/div>\n                <\/div>\n              <\/div>\n            <\/div>\n          <\/div>\n        <\/div>\n      <\/div>\n    <\/div>\n  <\/div>\n  <div data-colibri-component=\"section\" data-colibri-id=\"162-c6\" id=\"custom-2\" class=\"h-section h-section-global-spacing d-flex align-items-lg-center align-items-md-center align-items-center style-442 style-local-162-c6 position-relative\">\n    <!---->\n    <!---->\n    <div class=\"h-section-grid-container h-section-boxed-container\">\n      <!---->\n      <div data-colibri-id=\"162-c7\" class=\"h-row-container gutters-row-lg-2 gutters-row-md-2 gutters-row-0 gutters-row-v-lg-2 gutters-row-v-md-2 gutters-row-v-2 style-694 style-local-162-c7 position-relative\">\n        <!---->\n        <div class=\"h-row justify-content-lg-center justify-content-md-center justify-content-center align-items-lg-stretch align-items-md-stretch align-items-stretch gutters-col-lg-2 gutters-col-md-2 gutters-col-0 gutters-col-v-lg-2 gutters-col-v-md-2 gutters-col-v-2\">\n          <!---->\n          <div class=\"h-column h-column-container d-flex h-col-lg-auto h-col-md-auto h-col-auto style-695-outer style-local-162-c8-outer\">\n            <div data-colibri-id=\"162-c8\" class=\"d-flex h-flex-basis h-column__inner h-ui-empty-state-container h-px-lg-2 h-px-md-2 h-px-2 v-inner-lg-2 v-inner-md-2 v-inner-2 style-695 style-local-162-c8 position-relative\">\n              <!---->\n              <!---->\n              <div class=\"w-100 h-y-container h-column__content h-column__v-align flex-basis-100\">\n                <!---->\n              <\/div>\n            <\/div>\n          <\/div>\n          <div class=\"h-column h-column-container d-flex h-col-lg-auto h-col-md-auto h-col-auto style-696-outer style-local-162-c9-outer\">\n            <div data-colibri-id=\"162-c9\" class=\"d-flex h-flex-basis h-column__inner h-ui-empty-state-container h-px-lg-2 h-px-md-2 h-px-2 v-inner-lg-2 v-inner-md-2 v-inner-2 style-696 style-local-162-c9 position-relative\">\n              <!---->\n              <!---->\n              <div class=\"w-100 h-y-container h-column__content h-column__v-align flex-basis-100\">\n                <!---->\n              <\/div>\n            <\/div>\n          <\/div>\n        <\/div>\n      <\/div>\n      <div data-colibri-id=\"162-c10\" class=\"h-row-container gutters-row-lg-2 gutters-row-md-2 gutters-row-0 gutters-row-v-lg-2 gutters-row-v-md-2 gutters-row-v-2 style-716 style-local-162-c10 position-relative\">\n        <!---->\n        <div class=\"h-row justify-content-lg-center justify-content-md-center justify-content-center align-items-lg-stretch align-items-md-stretch align-items-stretch gutters-col-lg-2 gutters-col-md-2 gutters-col-0 gutters-col-v-lg-2 gutters-col-v-md-2 gutters-col-v-2\">\n          <!---->\n          <div class=\"h-column h-column-container d-flex h-col-lg-auto h-col-md-auto h-col-auto style-717-outer style-local-162-c11-outer\">\n            <div data-colibri-id=\"162-c11\" class=\"d-flex h-flex-basis h-column__inner h-px-lg-2 h-px-md-2 h-px-2 v-inner-lg-2 v-inner-md-2 v-inner-2 style-717 style-local-162-c11 position-relative\">\n              <!---->\n              <!---->\n              <div class=\"w-100 h-y-container h-column__content h-column__v-align flex-basis-100 align-self-lg-start align-self-md-start align-self-start\">\n                <!---->\n                <div data-colibri-id=\"162-c12\" class=\"style-697 style-local-162-c12 position-relative h-element\">\n                  <!---->\n                  <div class=\"\">\n                    <div id=\"readspeaker_button1\" class=\"rs_skip rsbtn rs_preserve\">\n                      <a rel=\"nofollow\" class=\"rsbtn_play\" accesskey=\"L\" title=\"Um den Text anzuh\u00f6ren, verwenden Sie bitte ReadSpeaker webReader\" href=\"https:\/\/app-eu.readspeaker.com\/cgi-bin\/rsent?customerid=13099&amp;lang=de_de&amp;readclass=h-text&amp;url=\">\n                      <span class=\"rsbtn_left rsimg rspart\"><span class=\"rsbtn_text\"><span>Vorlesen<\/span><\/span>\n                        <\/span> <span class=\"rsbtn_right rsimg rsplay rspart\"><\/span> <\/a>\n                    <\/div>\n                  <\/div>\n                <\/div>\n                <div data-colibri-id=\"162-c13\" class=\"h-text h-text-component style-445 style-local-162-c13 context-main position-relative h-element\">\n                  <!---->\n                  <!---->\n                  <div class=\"\">\n                    <h2><span style=\"font-size: 23pt; font-family: &quot;Open Sans&quot;; color: black;\">Herzlich Willkommen bei der&nbsp;INCLUSIO Rhein-Berg gGmbH<br>&nbsp;<\/span><\/h2>\n                    <h3><span style=\"font-size: 18pt; font-family: &quot;Open Sans&quot;; color: black;\">Informieren Sie sich \u00fcber unsere Aktivit\u00e4ten in der Behindertenhilfe!<\/span><\/h3>\n                    <h3><span style=\"font-size: 72%;\">Wir freuen uns, dass Sie da sind und sich f\u00fcr uns und unsere Arbeit interessieren. Auf den folgenden Seiten geben wir Ihnen einen Einblick in unsere Arbeit und in die Idee, die dahinter steht.<\/span>\n                      <span\n                        style=\"font-size: 72%; color: black; font-family: &quot;Open Sans&quot;;\">\n                        <br>\n                        <\/span>\n                    <\/h3>\n                    <h3><span style=\"font-size: 72%;\">Unsere Arbeit\/Projekte finanzieren und erm\u00f6glichen wir durch Spenden, F\u00f6rdermittel und ehrenamtliche Arbeit. Deshalb freuen wir uns \u00fcber jede Zuwendung, egal wie gro\u00df sie ist, und \u00fcber jede helfende Hand!<\/span><\/h3>\n                    <h3><span style=\"font-size: 72%;\">Da wir ein gemeinn\u00fctziges Unternehmen sind, sind Ihre Spenden bei der Einkommensteuer abzugsf\u00e4hig und wir berechtigt, zu diesem Zweck Spendenquittungen auszustellen.<\/span><span style=\"font-size: 72%; color: black; font-family: &quot;Open Sans&quot;;\"><br><\/span>\n                      <span\n                        style=\"font-size: 18pt; color: black; font-family: &quot;Open Sans&quot;;\"> <\/span>\n                        <a href=\"http:\/\/wp13754075.server-he.de\/index.php\/kontakt\" style=\"font-size: 18pt; font-family: &quot;Open Sans&quot;;\" class=\"customize-unpreviewable\">\n                          <br>\n                        <\/a>\n                        <a href=\"https:\/\/inclusio-rbk.de\/index.php\/kontakt\" style=\"font-size: 18pt; font-family: &quot;Open Sans&quot;; color: rgb(0, 4, 8);\">Nehmen Sie Kontakt zu uns auf, wir freuen uns!<\/a>\n                    <\/h3>\n                    <p>\n                      <br>\n                    <\/p>\n                  <\/div>\n                <\/div>\n              <\/div>\n            <\/div>\n          <\/div>\n        <\/div>\n      <\/div>\n      <div data-colibri-id=\"162-c14\" class=\"h-row-container gutters-row-lg-2 gutters-row-md-2 gutters-row-0 gutters-row-v-lg-2 gutters-row-v-md-2 gutters-row-v-2 style-443 style-local-162-c14 position-relative\">\n        <!---->\n        <div class=\"h-row justify-content-lg-center justify-content-md-center justify-content-center align-items-lg-stretch align-items-md-stretch align-items-stretch gutters-col-lg-2 gutters-col-md-2 gutters-col-0 gutters-col-v-lg-2 gutters-col-v-md-2 gutters-col-v-2\">\n          <!---->\n          <div class=\"h-column h-column-container d-flex h-col-lg-12 h-col-md-12 h-col-12 style-444-outer style-local-162-c15-outer\">\n            <div data-colibri-id=\"162-c15\" class=\"d-flex h-flex-basis h-column__inner h-ui-empty-state-container h-px-lg-2 h-px-md-2 h-px-2 v-inner-lg-2 v-inner-md-2 v-inner-2 style-444 style-local-162-c15 position-relative\">\n              <!---->\n              <!---->\n              <div class=\"w-100 h-y-container h-column__content h-column__v-align flex-basis-100\">\n                <!---->\n              <\/div>\n            <\/div>\n          <\/div>\n        <\/div>\n      <\/div>\n    <\/div>\n  <\/div>\n<\/div><\/div>","protected":false},"excerpt":{"rendered":"<p><!-- RS_MODULE_CODE_2.5.0 --><\/p>\n<div id=\"readspeaker_button162\" class=\"rs_skip rsbtn rs_preserve\"><a class=\"rsbtn_play\" title=\"Um den Text anzuh&ouml;ren, verwenden Sie bitte ReadSpeaker\" accesskey=\"L\" href=\"https:\/\/app-eu.readspeaker.com\/cgi-bin\/rsent?customerid=13099&amp;lang=de_de&amp;readid=rspeak_read_162&amp;url=http%3A%2F%2Finclusio-rbk.de%2Findex.php%2Fwp-json%2Fwp%2Fv2%2Fpages%2F162\"><span class=\"rsbtn_left rsimg rspart\"><span class=\"rsbtn_text\"><span>Vorlesen<\/span><\/span><\/span><span class=\"rsbtn_right rsimg rsplay rspart\"><\/span><\/a><\/div>\n<div id=\"rspeak_read_162\"> Vorlesen Herzlich Willkommen bei der&nbsp;INCLUSIO Rhein-Berg gGmbH&nbsp; Informieren Sie sich \u00fcber unsere Aktivit\u00e4ten in der Behindertenhilfe! Wir freuen uns, dass Sie da sind und sich f\u00fcr uns und unsere Arbeit interessieren. Auf den folgenden Seiten geben wir Ihnen einen Einblick in unsere Arbeit und in die Idee, die dahinter steht. Unsere Arbeit\/Projekte finanzieren und [&hellip;]<\/div>\n","protected":false},"author":1,"featured_media":0,"parent":0,"menu_order":0,"comment_status":"closed","ping_status":"closed","template":"page-templates\/full-width-page.php","meta":{"footnotes":""},"class_list":["post-162","page","type-page","status-publish","hentry"],"_links":{"self":[{"href":"https:\/\/inclusio-rbk.de\/index.php\/wp-json\/wp\/v2\/pages\/162","targetHints":{"allow":["GET"]}}],"collection":[{"href":"https:\/\/inclusio-rbk.de\/index.php\/wp-json\/wp\/v2\/pages"}],"about":[{"href":"https:\/\/inclusio-rbk.de\/index.php\/wp-json\/wp\/v2\/types\/page"}],"author":[{"embeddable":true,"href":"https:\/\/inclusio-rbk.de\/index.php\/wp-json\/wp\/v2\/users\/1"}],"replies":[{"embeddable":true,"href":"https:\/\/inclusio-rbk.de\/index.php\/wp-json\/wp\/v2\/comments?post=162"}],"version-history":[{"count":20,"href":"https:\/\/inclusio-rbk.de\/index.php\/wp-json\/wp\/v2\/pages\/162\/revisions"}],"predecessor-version":[{"id":3691,"href":"https:\/\/inclusio-rbk.de\/index.php\/wp-json\/wp\/v2\/pages\/162\/revisions\/3691"}],"wp:attachment":[{"href":"https:\/\/inclusio-rbk.de\/index.php\/wp-json\/wp\/v2\/media?parent=162"}],"curies":[{"name":"wp","href":"https:\/\/api.w.org\/{rel}","templated":true}]}}