{"id":981,"date":"2021-02-25T11:01:07","date_gmt":"2021-02-25T11:01:07","guid":{"rendered":"https:\/\/waanders-garten.de\/?page_id=981"},"modified":"2025-04-29T12:08:54","modified_gmt":"2025-04-29T12:08:54","slug":"netzwerk","status":"publish","type":"page","link":"https:\/\/inclusio-rbk.de\/index.php\/netzwerk\/","title":{"rendered":"Netzwerk"},"content":{"rendered":"<!-- RS_MODULE_CODE_2.5.0 --><div id=\"readspeaker_button981\" class=\"rs_skip rsbtn rs_preserve\"><a class=\"rsbtn_play\" title=\"Um den Text anzuh&ouml;ren, verwenden Sie bitte ReadSpeaker\" accesskey=\"L\" href=\"https:\/\/app-eu.readspeaker.com\/cgi-bin\/rsent?customerid=13099&amp;lang=de_de&amp;readid=rspeak_read_981&amp;url=http%3A%2F%2Finclusio-rbk.de%2Findex.php%2Fwp-json%2Fwp%2Fv2%2Fpages%2F981\"><span class=\"rsbtn_left rsimg rspart\"><span class=\"rsbtn_text\"><span>Vorlesen<\/span><\/span><\/span><span class=\"rsbtn_right rsimg rsplay rspart\"><\/span><\/a><\/div><div id=\"rspeak_read_981\"><div data-colibri-id=\"981-c1\" class=\"style-494 style-local-981-c1 position-relative\">\n  <!---->\n  <div data-colibri-component=\"section\" data-colibri-id=\"981-c2\" id=\"custom\" class=\"h-section h-section-global-spacing d-flex align-items-lg-center align-items-md-center align-items-center style-495 style-local-981-c2 position-relative\">\n    <!---->\n    <!---->\n    <div class=\"h-section-grid-container h-section-boxed-container\">\n      <!---->\n      <div data-colibri-id=\"981-c3\" class=\"h-row-container gutters-row-lg-3 gutters-row-md-3 gutters-row-0 gutters-row-v-lg-3 gutters-row-v-md-3 gutters-row-v-3 style-496 style-local-981-c3 position-relative\">\n        <!---->\n        <div class=\"h-row justify-content-lg-center justify-content-md-center justify-content-center align-items-lg-center align-items-md-center align-items-center gutters-col-lg-3 gutters-col-md-3 gutters-col-0 gutters-col-v-lg-3 gutters-col-v-md-3 gutters-col-v-3\">\n          <!---->\n          <div class=\"h-column h-column-container d-flex h-col-lg-12 h-col-md-12 h-col-12 align-self-lg-center align-self-md-center align-self-center style-497-outer style-local-981-c4-outer\">\n            <div data-colibri-id=\"981-c4\" class=\"d-flex h-flex-basis h-column__inner h-px-lg-2 h-px-md-2 h-px-2 v-inner-lg-2 v-inner-md-2 v-inner-2 style-497 style-local-981-c4 position-relative\">\n              <!---->\n              <!---->\n              <div class=\"w-100 h-y-container h-column__content h-column__v-align flex-basis-100 align-self-lg-start align-self-md-start align-self-start\">\n                <!---->\n                <div data-colibri-id=\"981-c5\" data-aos=\"fadeIn\" class=\"style-498 style-local-981-c5 position-relative h-element\">\n                  <!---->\n                  <div class=\"\"><div id=\"metaslider-id-989\" style=\"width: 100%;\" class=\"ml-slider-3-108-0 ml-slider-pro-2-18-2 metaslider metaslider-flex metaslider-989 ml-slider .metaslider effect2 ms-theme-_theme_1613732620 nav-hidden\" role=\"region\" aria-label=\"Netzwerk INCLUSIO\" data-height=\"489\" data-width=\"1232\">\n    <div id=\"metaslider_container_989\">\n        <div id=\"metaslider_989\">\n            <ul class='slides'>\n                <li style=\"display: block; width: 100%;\" class=\"slide-990 ms-image \" aria-roledescription=\"slide\" data-date=\"2021-02-25 11:09:06\" data-filename=\"netzwerk-logos-10-2022-02.jpg\" data-slide-type=\"image\"><img loading=\"lazy\" decoding=\"async\" src=\"https:\/\/inclusio-rbk.de\/wp-content\/uploads\/2022\/10\/netzwerk-logos-10-2022-02.jpg\" height=\"489\" width=\"1232\" alt=\"\" class=\"slider-989 slide-990 msDefaultImage\" title=\"netzwerk-logos-10-2022-02\" \/><\/li>\n            <\/ul>\n        <\/div>\n        \n    <\/div>\n<\/div><\/div>\n                <\/div>\n              <\/div>\n            <\/div>\n          <\/div>\n        <\/div>\n      <\/div>\n    <\/div>\n  <\/div>\n  <div data-colibri-component=\"section\" data-colibri-id=\"981-c6\" id=\"custom-2\" class=\"h-section h-section-global-spacing d-flex align-items-lg-center align-items-md-center align-items-center style-499 style-local-981-c6 position-relative\">\n    <!---->\n    <!---->\n    <div class=\"h-section-grid-container h-section-boxed-container\">\n      <!---->\n      <div data-colibri-id=\"981-c7\" class=\"h-row-container gutters-row-lg-2 gutters-row-md-2 gutters-row-0 gutters-row-v-lg-2 gutters-row-v-md-2 gutters-row-v-2 style-500 style-local-981-c7 position-relative\">\n        <!---->\n        <div class=\"h-row justify-content-lg-center justify-content-md-center justify-content-center align-items-lg-stretch align-items-md-stretch align-items-stretch gutters-col-lg-2 gutters-col-md-2 gutters-col-0 gutters-col-v-lg-2 gutters-col-v-md-2 gutters-col-v-2\">\n          <!---->\n          <div class=\"h-column h-column-container d-flex h-col-lg-12 h-col-md-12 h-col-12 style-501-outer style-local-981-c8-outer\">\n            <div data-colibri-id=\"981-c8\" class=\"d-flex h-flex-basis h-column__inner h-px-lg-2 h-px-md-2 h-px-2 v-inner-lg-2 v-inner-md-2 v-inner-2 style-501 style-local-981-c8 position-relative\">\n              <!---->\n              <!---->\n              <div class=\"w-100 h-y-container h-column__content h-column__v-align flex-basis-100 align-self-lg-start align-self-md-start align-self-start\">\n                <!---->\n                <div data-colibri-id=\"981-c9\" class=\"h-text h-text-component style-502 style-local-981-c9 position-relative h-element\">\n                  <!---->\n                  <!---->\n                  <div class=\"\">\n                    <h3><span style=\"font-size: 72%;\">Wir verf\u00fcgen \u00fcber ein gutes Netzwerk zu Organisationen der Behindertenhilfe, zu Kommunen, Arbeitgebern, Rehabilitationstr\u00e4gern und Tr\u00e4gern der Eingliederungshilfe im gesamten Kreisgebiet:<\/span>\n                      <a href=\"https:\/\/cbf-rbk.de\"\n                        target=\"_blank\" style=\"font-size: 72%;\" class=\"customize-unpreviewable\">\n                        <br>\n                        <br>CBF <\/a><span style=\"font-size: 72%;\">\u2013 Club behinderter Menschen und ihrer Freunde Rheinisch Bergischer Kreis e. V.<\/span>\n                      <a href=\"https:\/\/eutb-rbk.de\" target=\"_blank\" style=\"font-size: 72%;\" class=\"customize-unpreviewable\">\n                        <br>EUTB<\/a><span style=\"font-size: 72%;\"> \u2013 Erg\u00e4nzende unabh\u00e4ngige Teilhabeberatung Rheinisch-Bergischer Kreis &amp; Leverkusen<\/span>\n                      <a href=\"https:\/\/www.bergischgladbach.de\/inklusionsbeirat.aspx\/#:~:text=Stadt%20Bergisch%20Gladbach.%20Wilhelm-Wagener-Platz.%2051429%20Bergisch%20Gladbach.%20Inklusion,%2802202%29%2014%2023%2005.%20E-Mail%20m.%205d797642dceb4e328e3eb5c9681e8758.%20.hiller%40.\"\n                        target=\"_blank\" style=\"font-size: 72%;\" class=\"customize-unpreviewable\">\n                        <br>Inklusionsbeauftragte und Inklusionsbeirat der Stadt Bergisch Gladbach<\/a>\n                      <a href=\"https:\/\/www.rbk-direkt.de\/beirat-fuer-die-menschen-mit-behinderungen-im-rheinisch-bergischen-kreis.aspx\" target=\"_blank\" style=\"font-family: &quot;Open Sans&quot;; font-weight: 400; color: rgb(41, 77, 111); font-size: 22.68px;\"\n                        class=\"customize-unpreviewable\">\n                        <br>Inklusionsbeirat des Rheinisch-Bergischen Kreises<\/a>\n                      <a href=\"https:\/\/lvr.de\" target=\"_blank\" style=\"font-size: 72%;\" class=\"customize-unpreviewable\">\n                        <br>LVR (Landschaftsverband Rheinland)<\/a>\n                      <a href=\"https:\/\/www.kja-lro.de\" target=\"_blank\" style=\"font-size: 72%;\" class=\"customize-unpreviewable\">\n                        <br>Katholische Jugendagentur<\/a><span style=\"font-size: 72%;\"> Leverkusen &#8211; Rhein-Berg &#8211; Oberberg gGmbH (KJA LRO)<\/span>\n                      <a href=\"https:\/\/www.die-kette.de\" target=\"_blank\" style=\"font-size: 72%;\" class=\"customize-unpreviewable\">\n                        <br>Die Kette e. V.<\/a>\n                      <a href=\"https:\/\/lebenshilfe-rbk.de\" target=\"_blank\" style=\"font-size: 72%;\" class=\"customize-unpreviewable\">\n                        <br>Lebenshilfe f\u00fcr Menschen mit Behinderung<\/a><span style=\"font-size: 72%;\"> Rheinisch-Bergischer Kreis e. V. und K\u00f6ln-Porz<\/span>\n                      <a href=\"https:\/\/wfbm-lev.de\" target=\"_blank\" style=\"font-size: 72%;\" class=\"customize-unpreviewable\">\n                        <br>Lebenshilfe Werkst\u00e4tten Leverkusen<\/a><span style=\"font-size: 72%;\">&nbsp;Rhein-Berg gGmbH<\/span>\n                      <a href=\"https:\/\/www.inbeco.de\" target=\"_blank\" style=\"font-size: 72%;\" class=\"customize-unpreviewable\">\n                        <br>InBeCo<\/a>\n                      <a href=\"https:\/\/cafe-leichtsinn.de\" target=\"_blank\" style=\"font-size: 22.68px; font-family: &quot;Open Sans&quot;; font-weight: 400; color: rgb(41, 77, 111);\" class=\"customize-unpreviewable\">\n                        <br>Cafe Leichtsinn<\/a><span style=\"font-size: 22.68px;\"> &#8211;&nbsp;<\/span><span style=\"font-size: 72%;\">Inklusives Jugend-Caf\u00e9&nbsp;<\/span>\n                      <a href=\"https:\/\/wirlichtgestalten.de\" target=\"_blank\" style=\"font-family: &quot;Open Sans&quot;; font-weight: 400; color: rgb(154, 214, 250); font-size: 22.68px;\"\n                        class=\"customize-unpreviewable\">\n                        <br> <\/a>\n                      <a href=\"https:\/\/villa-zanders.de\/museum\" target=\"_blank\" style=\"font-size: 72%;\" class=\"customize-unpreviewable\">Kunstmuseum Villa Zanders<\/a><span style=\"font-size: 72%;\"><br><\/span>\n                      <a href=\"https:\/\/bueggel-unverpackt.de\" target=\"_blank\" style=\"font-size: 72%;\" class=\"customize-unpreviewable\">B\u00dcGGEL &#8211; bergisch unverpackt<\/a>\n                      <br>\n                      <a href=\"https:\/\/www.koeln99ers.de\/de\" style=\"font-size: 83%;\" class=\"customize-unpreviewable\">K\u00f6ln 99ers<\/a> &#8211;&nbsp;<span style=\"font-size: 22.68px;\">Rollstuhl Basketball<\/span>\n                      <a href=\"https:\/\/www.koeln99ers.de\/de\" style=\"font-family: &quot;Open Sans&quot;; font-weight: 400; font-size: 26.145px; color: rgb(154, 214, 250);\"\n                        class=\"customize-unpreviewable\">\n                        <br>\n                      <\/a>\n                    <\/h3>\n                    <h3>\n                      <br>\n                    <\/h3>\n                    <h3>\n                      <br>\n                    <\/h3>\n                    <p>\n                      <br>\n                    <\/p>\n                  <\/div>\n                <\/div>\n              <\/div>\n            <\/div>\n          <\/div>\n        <\/div>\n      <\/div>\n    <\/div>\n  <\/div>\n<\/div><\/div>","protected":false},"excerpt":{"rendered":"<p><!-- RS_MODULE_CODE_2.5.0 --><\/p>\n<div id=\"readspeaker_button981\" class=\"rs_skip rsbtn rs_preserve\"><a class=\"rsbtn_play\" title=\"Um den Text anzuh&ouml;ren, verwenden Sie bitte ReadSpeaker\" accesskey=\"L\" href=\"https:\/\/app-eu.readspeaker.com\/cgi-bin\/rsent?customerid=13099&amp;lang=de_de&amp;readid=rspeak_read_981&amp;url=http%3A%2F%2Finclusio-rbk.de%2Findex.php%2Fwp-json%2Fwp%2Fv2%2Fpages%2F981\"><span class=\"rsbtn_left rsimg rspart\"><span class=\"rsbtn_text\"><span>Vorlesen<\/span><\/span><\/span><span class=\"rsbtn_right rsimg rsplay rspart\"><\/span><\/a><\/div>\n<div id=\"rspeak_read_981\"> Wir verf\u00fcgen \u00fcber ein gutes Netzwerk zu Organisationen der Behindertenhilfe, zu Kommunen, Arbeitgebern, Rehabilitationstr\u00e4gern und Tr\u00e4gern der Eingliederungshilfe im gesamten Kreisgebiet: CBF \u2013 Club behinderter Menschen und ihrer Freunde Rheinisch Bergischer Kreis e. V. EUTB \u2013 Erg\u00e4nzende unabh\u00e4ngige Teilhabeberatung Rheinisch-Bergischer Kreis &amp; Leverkusen Inklusionsbeauftragte und Inklusionsbeirat der Stadt Bergisch Gladbach Inklusionsbeirat des Rheinisch-Bergischen Kreises [&hellip;]<\/div>\n","protected":false},"author":1,"featured_media":0,"parent":0,"menu_order":0,"comment_status":"closed","ping_status":"closed","template":"page-templates\/full-width-page.php","meta":{"footnotes":""},"class_list":["post-981","page","type-page","status-publish","hentry"],"_links":{"self":[{"href":"https:\/\/inclusio-rbk.de\/index.php\/wp-json\/wp\/v2\/pages\/981","targetHints":{"allow":["GET"]}}],"collection":[{"href":"https:\/\/inclusio-rbk.de\/index.php\/wp-json\/wp\/v2\/pages"}],"about":[{"href":"https:\/\/inclusio-rbk.de\/index.php\/wp-json\/wp\/v2\/types\/page"}],"author":[{"embeddable":true,"href":"https:\/\/inclusio-rbk.de\/index.php\/wp-json\/wp\/v2\/users\/1"}],"replies":[{"embeddable":true,"href":"https:\/\/inclusio-rbk.de\/index.php\/wp-json\/wp\/v2\/comments?post=981"}],"version-history":[{"count":20,"href":"https:\/\/inclusio-rbk.de\/index.php\/wp-json\/wp\/v2\/pages\/981\/revisions"}],"predecessor-version":[{"id":3813,"href":"https:\/\/inclusio-rbk.de\/index.php\/wp-json\/wp\/v2\/pages\/981\/revisions\/3813"}],"wp:attachment":[{"href":"https:\/\/inclusio-rbk.de\/index.php\/wp-json\/wp\/v2\/media?parent=981"}],"curies":[{"name":"wp","href":"https:\/\/api.w.org\/{rel}","templated":true}]}}